 1091
List the prime factors of 691.
691
What are the prime factors of 3345?
3, 5, 223
What are the prime factors of 2552?
2, 11, 29
What are the prime factors of 22648?
2, 19, 149
What are the prime factors of 36494?
2, 71, 257
List the prime factors of 1158.
2, 3, 193
What are the prime factors of 44900?
2, 5, 449
List the prime factors of 4823.
7, 13, 53
What are the prime factors of 12?
2, 3
List the prime factors of 1791.
3, 199
What are the prime factors of 65248?
2, 2039
List the prime factors of 33899.
109, 311
What are the prime factors of 2378?
2, 29, 41
List the prime factors of 1106.
2, 7, 79
What are the prime factors of 41880?
2, 3, 5, 349
List the prime factors of 1368.
2, 3, 19
What are the prime factors of 806?
2, 13, 31
List the prime factors of 4255.
5, 23, 37
What are the prime factors of 3286?
2, 31, 53
List the prime factors of 3916.
2, 11, 89
What are the prime factors of 1572?
2, 3, 131
List the prime factors of 1765.
5, 353
List the prime factors of 7701.
3, 17, 151
What are the prime factors of 3999?
3, 31, 43
List the prime factors of 6943.
53, 131
List the prime factors of 40353.
3, 13451
List the prime factors of 5275.
5, 211
What are the prime factors of 2287?
2287
What are the prime factors of 11729?
37, 317
List the prime factors of 2794.
2, 11, 127
What are the prime factors of 1256?
2, 157
What are the prime factors of 699?
3, 233
List the prime factors of 4049.
4049
What are the prime factors of 2732?
2, 683
What are the prime factors of 1603?
7, 229
List the prime factors of 4657.
4657
What are the prime factors of 2901?
3, 967
What are the prime factors of 32661?
3, 19, 191
List the prime factors of 32405.
5, 6481
List the prime factors of 10943.
31, 353
What are the prime factors of 872?
2, 109
List the prime factors of 1228.
2, 307
List the prime factors of 1776.
2, 3, 37
List the prime factors of 6125.
5, 7
List the prime factors of 6674.
2, 47, 71
What are the prime factors of 21265?
5, 4253
List the prime factors of 9093.
3, 7, 433
What are the prime factors of 5940?
2, 3, 5, 11
List the prime factors of 1991.
11, 181
List the prime factors of 9901.
9901
What are the prime factors of 499?
499
What are the prime factors of 1248?
2, 3, 13
List the prime factors of 396.
2, 3, 11
What are the prime factors of 5191?
29, 179
List the prime factors of 433.
433
What are the prime factors of 15526?
2, 7, 1109
What are the prime factors of 9140?
2, 5, 457
List the prime factors of 20544.
2, 3, 107
List the prime factors of 96255.
3, 5, 23, 31
List the prime factors of 1177.
11, 107
List the prime factors of 57726.
2, 3, 1069
What are the prime factors of 2189?
11, 199
List the prime factors of 69193.
69193
List the prime factors of 6160.
2, 5, 7, 11
List the prime factors of 25034.
2, 12517
What are the prime factors of 2059?
29, 71
What are the prime factors of 31650?
2, 3, 5, 211
What are the prime factors of 46330?
2, 5, 41, 113
What are the prime factors of 13363?
7, 23, 83
What are the prime factors of 539?
7, 11
List the prime factors of 6902.
2, 7, 17, 29
List the prime factors of 666.
2, 3, 37
What are the prime factors of 1829?
31, 59
What are the prime factors of 277?
277
List the prime factors of 22124.
2, 5531
What are the prime factors of 11389?
7, 1627
List the prime factors of 1837.
11, 167
List the prime factors of 3873.
3, 1291
List the prime factors of 578.
2, 17
What are the prime factors of 42447?
3, 14149
List the prime factors of 5246.
2, 43, 61
What are the prime factors of 13527?
3, 167
What are the prime factors of 8015?
5, 7, 229
List the prime factors of 46371.
3, 13, 29, 41
List the prime factors of 684.
2, 3, 19
List the prime factors of 35499.
3, 11833
What are the prime factors of 447?
3, 149
List the prime factors of 2290.
2, 5, 229
What are the prime factors of 6305?
5, 13, 97
What are the prime factors of 6844?
2, 29, 59
List the prime factors of 1540.
2, 5, 7, 11
List the prime factors of 2527.
7, 19
What are the prime factors of 49022?
2, 127, 193
List the prime factors of 3263.
13, 251
List the prime factors of 24897.
3, 43, 193
List the prime factors of 4937.
4937
What are the prime factors of 157402?
2, 7, 11243
List the prime factors of 6280.
2, 5, 157
What are the prime factors of 4810?
2, 5, 13, 37
What are the prime factors of 5816?
2, 727
What are the prime factors of 8520?
2, 3, 5, 71
What are the prime factors of 587?
587
What are the prime factors of 749?
7, 107
What are the prime factors of 2703?
3, 17, 53
What are the prime factors of 20?
2, 5
List the prime factors of 13412.
2, 7, 479
List the prime factors of 12.
2, 3
List the prime factors of 1265.
5, 11, 23
What are the prime factors of 3582?
2, 3, 199
What are the prime factors of 624?
2, 3, 13
What are the prime factors of 7775?
5, 311
List the prime factors of 15570.
2, 3, 5, 173
List the prime factors of 236.
2, 59
What are the prime factors of 2953?
2953
What are the prime factors of 55171?
55171
What are the prime factors of 732?
2, 3, 61
List the prime factors of 137331.
3, 15259
What are the prime factors of 1641?
3, 547
List the prime factors of 28159.
29, 971
List the prime factors of 5538.
2, 3, 13, 71
What are the prime factors of 1703?
13, 131
List the prime factors of 28852.
2, 7213
List the prime factors of 4115.
5, 823
What are the prime factors of 1678?
2, 839
List the prime factors of 1081.
23, 47
What are the prime factors of 1589?
7, 227
What are the prime factors of 803?
11, 73
What are the prime factors of 1763?
41, 43
What are the prime factors of 10008?
2, 3, 139
List the prime factors of 2942.
2, 1471
List the prime factors of 7000.
2, 5, 7
What are the prime factors of 16907?
11, 29, 53
List the prime factors of 177.
3, 59
What are the prime factors of 4895?
5, 11, 89
What are the prime factors of 624?
2, 3, 13
What are the prime factors of 1337?
7, 191
List the prime factors of 8954.
2, 11, 37
What are the prime factors of 7612?
2, 11, 173
What are the prime factors of 3813?
3, 31, 41
List the prime factors of 74.
2, 37
List the prime factors of 1880.
2, 5, 47
What are the prime factors of 25988?
2, 73, 89
What are the prime factors of 1169?
7, 167
What are the prime factors of 11775?
3, 5, 157
What are the prime factors of 1705?
5, 11, 31
What are the prime factors of 814?
2, 11, 37
List the prime factors of 3904.
2, 61
What are the prime factors of 44217?
3, 17
What are the prime factors of 20131?
41, 491
What are the prime factors of 6699?
3, 7, 11, 29
What are the prime factors of 10160?
2, 5, 127
List the prime factors of 53364.
2, 3, 4447
What are the prime factors of 3392?
2, 53
List the prime factors of 8745.
3, 5, 11, 53
List the prime factors of 17606.
2, 8803
List the prime factors of 20066.
2, 79, 127
List the prime factors of 40658.
2, 29, 701
What are the prime factors of 613?
613
List the prime factors of 6345.
3, 5, 47
List the prime factors of 36734.
2, 18367
What are the prime factors of 4790?
2, 5, 479
List the prime factors of 1596.
2, 3, 7, 19
What are the prime factors of 4797?
3, 13, 41
List the prime factors of 25908.
2, 3, 17, 127
What are the prime factors of 5465?
5, 1093
What are the prime factors of 1863?
3, 23
List the prime factors of 23412.
2, 3, 1951
What are the prime factors of 2798?
2, 1399
What are the prime factors of 105015?
3, 5, 7001
List the prime factors of 425.
5, 17
What are the prime factors of 5233?
5233
List the prime factors of 109685.
5, 21937
What are the prime factors of 22383?
3, 829
What are the prime factors of 7782?
2, 3, 1297
What are the prime factors of 1979?
1979
List the prime factors of 5477.
5477
What are the prime factors of 1373?
1373
What are the prime factors of 2152?
2, 269
List the prime factors of 4562.
2, 2281
What are the prime factors of 8452?
2, 2113
What are the prime factors of 285?
3, 5, 19
List the prime factors of 74389.
7, 10627
What are the prime factors of 1582?
2, 7, 113
What are the prime factors of 3525?
3, 5, 47
List the prime factors of 1547.
7, 13, 17
What are the prime factors of 5186?
2, 2593
List the prime factors of 1161.
3, 43
List the prime factors of 1699.
1699
What are the prime factors of 290?
2, 5, 29
List the prime factors of 10467.
3, 1163
What are the prime factors of 13850?
2, 5